-2*z - 5*d = 3*z, 0 = 2*z - 2*d - 12. Suppose -2*a = -z*k - 309, 4 = -0*k + 4*k. Let u(p) = -p + 45. Calculate the remainder when a is divided by u(5).
36
Let i be (-8)/(-28) - (-20516)/28. Let f = -724 + i. Calculate the remainder when 57 is divided by f.
3
Let m = 0 + 1. What is the remainder when 4 + 1/((-6)/(-948)*2)*1 is divided by ((-14)/(-3))/(m/3)?
13
Let i = 2761 - 1042. Calculate the remainder when i is divided by 41.
38
Let l = 5147 - 3406. What is the remainder when l is divided by 21?
19
Let n(c) = c**2 + 9*c - 8. Let w be n(-10). Suppose w*q = 2, -3*q - 168 = -3*l - 6*q. Let a = 24 - 5. Calculate the remainder when l is divided by a.
17
Suppose -7*i = -58 - 19. Let a = -40 + 70. Calculate the remainder when a is divided by i.
8
What is the remainder when 2590 is divided by -9 + (58 - 35) - (0 - -2)*-3?
10
Let x(u) be the second derivative of 8*u + 1/3*u**3 + 0 + 17/2*u**2. What is the remainder when 7 is divided by x(-7)?
1
Suppose 3*y + 7 + 39 = 4*t, 5*y + 29 = 3*t. Calculate the remainder when 157 is divided by t.
1
Suppose 0 = -3*f - 2*q + 4, -2*q + 3*q = -f. Suppose -r + 296 = -f*r - 4*t, 0 = 2*t - 2. What is the remainder when 123 is divided by (r/6)/((8/3)/(-4))?
23
Let c(j) = -j + 1. Let w be (-2)/1 + -6 + (-1 - 0). Let f be c(w). What is the remainder when 12 is divided by (-3)/(-5) + 64/f?
5
Let n(m) = -20*m + 22. Let f = -89 - -79. Let w be n(f). Suppose -5*s - w = -8*s. What is the remainder when s is divided by 15?
14
Let n = 230 - 207. Let j = -815 - -1066. Calculate the remainder when j is divided by n.
21
Let t(a) = -11*a**3 + 464*a**2 - 78*a + 23. What is the remainder when 862 is divided by t(42)?
37
Let b = 467 + -467. Suppose 4*y - 69 + 9 = b. Calculate the remainder when 217 is divided by y.
7
Let j(c) = -10*c - 60. Let m be j(-15). Let g = 196 - m. What is the remainder when g is divided by 22?
18
Let n(g) be the second derivative of -3*g**3 + 52*g**2 - 8*g + 3. What is the remainder when 59 is divided by n(5)?
3
Calculate the remainder when ((-13182)/8)/((-153)/204) is divided by 71.
67
Let r(q) = -q + 1. Let k be r(5). Let m be 2 - (0 + k/(2 - -2)). Suppose 0 = m*j + 12, 2*s = -0*s + 4*j + 166. What is the remainder when s is divided by 11?
9
Suppose l + 10 + 0 = 5*b, 5*l - 4*b = -50. Let n = -61 - l. Let f = 72 + n. Calculate the remainder when 81 is divided by f.
18
Suppose 0 = -33*q + 31*q + 254 + 42. What is the remainder when 162 is divided by q?
14
Let o be -1*(-2)/(-13) - 212/(-26). Suppose 3*n - o + 2 = 0, 0 = -4*s + 2*n. Let k(a) = -a. What is the remainder when k(-1) is divided by s?
0
Let t(u) be the first derivative of -u**3/3 - 31*u**2/2 - 77*u + 59. What is the remainder when t(-18) is divided by 40?
37
Suppose 0 = 3*n + 2*n + 15. Let d = n - -19. Suppose -d = -4*z, 2*m + m - 43 = 2*z. Calculate the remainder when 62 is divided by m.
11
Suppose 4*a - 8821 = 4*w + 12087, -4*w + 26054 = 5*a. Calculate the remainder when a is divided by 1303.
6
Suppose 3*t + t - 114 = -3*j, -5*t + 152 = 4*j. What is the remainder when -2*(-1)/(-13) + (-2459109)/(-32721) is divided by j?
37
Suppose 5*r - t - 861 - 1676 = 0, 5*t = 3*r - 1531. Calculate the remainder when r is divided by 272.
235
Let g = 5798 + -5796. Let k(w) = 2*w**2 - 2*w - 1. Let n be k(-1). Let y = 5 - n. Calculate the remainder when g is divided by y.
0
Calculate the remainder when (2/(1/1))/(12 - (-12166)/(-1015)) is divided by 19.
12
Let h = 164 - 163. Calculate the remainder when 23 + (h - -2) - 5 is divided by 11.
10
Suppose 18*x - 825 + 573 = 0. Calculate the remainder when 782 is divided by x.
12
Let u(h) = 4*h**2 + 5*h - 20. What is the remainder when 649 is divided by u(-5)?
44
Calculate the remainder when (-3)/(-2)*(38 - -12) is divided by 6 - (-18)/(-9) - 16/(-1).
15
Let f = -1023 - -1045. What is the remainder when 1230 is divided by f?
20
Let s(o) = o**2 + 3*o - 213. What is the remainder when 284 is divided by s(-21)?
119
Let n(h) = 10 - 14*h - 16 - 36. What is the remainder when n(-8) is divided by 18?
16
Let f = 6933 + -6858. Calculate the remainder when 748 is divided by f.
73
Let c(i) be the second derivative of i**5/20 - 25*i**4/12 + 47*i**3/6 + 27*i**2 + 3*i - 9. Calculate the remainder when c(23) is divided by 30.
17
Let v be 4/(-10) - (115/25 + -5). Suppose 2*y - 8 = 0, v*y - 406 = -g - y. Suppose 5*w = g + 58. Calculate the remainder when w is divided by 16.
12
Suppose 4 = 2*o - 4, 5*t - 3*o - 1378 = 0. What is the remainder when t is divided by 110?
58
Let t(n) = n**3 + 5*n - 3. Let p be (-6)/4*400/15. Let x be (3 - (-3)/(-2))*p/(-15). What is the remainder when t(x) is divided by 21?
18
Let t = 318 + -313. Suppose -t*b - 57 = -2*c, 0 = -15*b + 18*b + 9. Calculate the remainder when 41 is divided by c.
20
Let o(y) = 39*y - 4382. What is the remainder when 2542 is divided by o(134)?
10
Let r(z) = -129*z + 1700. Calculate the remainder when 3104 is divided by r(13).
22
Let s = 47 + -40. Suppose -s*l + 0 = -112. Calculate the remainder when 57 is divided by l.
9
Let i(x) = 4*x**2 - 103*x + 1190. Calculate the remainder when 539 is divided by i(14).
7
Let i = -1863 + 9337. Calculate the remainder when i is divided by 356.
354
Let t(c) = c**2 + 89*c - 334. What is the remainder when 1442 is divided by t(4)?
36
Let f(a) = 3*a - 22*a - 2*a - 115 + 2*a. Calculate the remainder when f(-11) is divided by 25.
19
Calculate the remainder when 659 is divided by (-9)/(-15) + -1 - (211554/70)/(-23).
4
Suppose 0 = r - 3 + 1. Suppose -r*y = 5*k + 235, -y + 14 = -2*k - 80. Let h = k + 61. What is the remainder when h is divided by 6?
2
Suppose s - 5*a + 16 = -3*s, 5*a = -s + 21. What is the remainder when 39/(-13) - (-34 + 1/s) is divided by 8?
6
Let p = 980 - 672. Let h = p + -170. Suppose -65*s + 945 = -38*s. What is the remainder when h is divided by s?
33
Let y = 82 + -54. Suppose -28*t = -946 - 62. Let d = t - y. What is the remainder when 55 is divided by d?
7
Suppose -12*d + 109 = -347. Suppose -20*v + 442 = -d. What is the remainder when 88 is divided by v?
16
Let r be 141 - (-3)/(-6 - -7). Let i = r - 110. What is the remainder when i is divided by 16?
2
Suppose -m - a - 1278 = -5*m, 0 = -2*a + 4. Suppose 0 = 4*u - 14*u + m. What is the remainder when u is divided by 11?
10
Let w = 10166 + -10029. Calculate the remainder when 1493 is divided by w.
123
Let k = -5145 - -8647. Calculate the remainder when k is divided by 146.
144
Let c = -2276 + 2292. What is the remainder when 958 is divided by c?
14
Suppose 134*p = 2*z + 135*p - 1317, 0 = -3*p + 9. What is the remainder when z is divided by 23?
13
Let x(b) = b**3 - 9*b**2 + 21*b - 169. Calculate the remainder when 680 is divided by x(10).
116
Let k = -38 + -10. Let g = -35 - k. Calculate the remainder when 2/(-16) - 1/(40/(-2445)) is divided by g.
9
Suppose 4*r = 203 - 1363. Calculate the remainder when (-2 - 0)/(5/r) is divided by 8.
4
Suppose 2 = 3*r + 3*w - 40, 0 = 4*r + 5*w - 61. Let k(l) = -l**2 + 19*l - 8. What is the remainder when k(r) is divided by 17?
14
Suppose -8*x = 45*x + 10*x - 6426. What is the remainder when 1012 is divided by x?
94
What is the remainder when 698 is divided by (-17 + (-3000)/(-168))/(4/182)?
35
Calculate the remainder when 18/(-108) - (-1612)/24 is divided by ((-136)/(-12) - 2)/(2/3).
11
Let c(s) = -2 + 7*s**2 + 2*s**3 + 9 + 5 - 6*s**3. Let y be c(-6). What is the remainder when 8/(-20) + (y/(-10))/(-2) is divided by 30?
26
Suppose w + 3*i + 5 = 0, -5*w - i + 3*i + 9 = 0. Let u(q) = 4*q**2 - 2*q + 4. What is the remainder when 95 is divided by u(w)?
5
Let a be (-3 - (-2)/(-1))/((-2)/(-18)). What is the remainder when 334 is divided by (-4)/18 + (-1270)/a?
26
Let h = 1127 - 642. What is the remainder when h is divided by 35?
30
Suppose -8*f - 56 = -0*f. Let d(i) = i**3 + 6*i**2 - 12*i - 3. Calculate the remainder when 157 is divided by d(f).
29
Let y(l) = -l**3 + l**2 + 2*l - 34. Let w be y(0). Let a be (-22)/33 + w/3. Calculate the remainder when 22 is divided by 12 - 9*(-4)/a.
4
Let q = 86 + -77. Suppose -418 = q*h + 302. Let y = 182 + h. What is the remainder when y is divided by 26?
24
Let h be -3*(-183)/(-9) - 10/(-2). Calculate the remainder when 14 is divided by (152/h + 3)*7*3.
2
Suppose -262 = -5*y - 137. Suppose b = 2, 29*q - b - 1802